 17, 0 = g*w + 3*h - 35 - 28. What is the remainder when 44 is divided by w?
12
Suppose 5*v - 5*f + 6 = -4, -34 = -3*v - 5*f. Let l be -4 - ((v - 5) + 30). Calculate the remainder when (-426)/(-27) + (l/18 - -2) is divided by 3.
1
Suppose -4*k - 1052 = -3804. Let n = k - 337. Suppose -2*c + 210 = -z + 5*z, -n = -3*c + 3*z. What is the remainder when c is divided by 19?
18
Suppose -5*b - 41 + 544 = -4*h, 2*h - 212 = -2*b. What is the remainder when 799 is divided by b?
78
Calculate the remainder when 463 is divided by 763/21 + (-4)/12.
31
Suppose -3*g + 692 = -7*w + 6*w, -w = -4. Calculate the remainder when 4175 is divided by g.
231
Let o = -3438 + 3492. Calculate the remainder when 966 is divided by o.
48
Let v = 86 - -44. Let p = v - 133. What is the remainder when (-464)/(-5) - (-5)/(-75)*p is divided by 16?
13
Suppose -111 - 117 = 5*n - 2*f, -116 = 3*n + 4*f. Suppose 5*p - 8*p = 2*w - 96, -w + 2*p + 62 = 0. What is the remainder when 24 is divided by n/(-6) + (-18)/w?
3
Suppose -5*g = 2*d - 675, g = 3*d - 804 - 183. What is the remainder when d is divided by 58?
40
Let r(j) = -j**2 - 12*j - 12. Let v be 67/(-4) - 4/((-64)/12). What is the remainder when 4/6*(-1776)/v is divided by r(-8)?
14
Suppose 0 = -z + 6*z - 2230. Suppose 204*d = -1057 + 14113. Calculate the remainder when z is divided by d.
62
Let a(j) = 2*j - 5. Suppose -6*y + 5*d + 348 = -2*y, 0 = -4*y + d + 364. Suppose -367 + y = -5*m. What is the remainder when m is divided by a(10)?
10
Let g(n) = -22*n - 13. Let a be g(13). Let o = 427 + a. Calculate the remainder when o/24*6/4 is divided by 5.
3
Let a be 27/15*(5 + 10/(-3)). Calculate the remainder when 22 + -1 + a/((-3)/2) is divided by 3*(6/3 + -1).
1
Suppose 0 = -17*f + 3692 + 711. Suppose a + o - 4*o = 52, 4*a = -5*o + f. What is the remainder when a is divided by 4?
1
Suppose 4*u - 22 = 14. Let w = u - -3. Let q(t) = -6*t - 9. What is the remainder when q(-9) is divided by w?
9
Calculate the remainder when 1519 is divided by (-198)/(-21) - (272/112 - 2).
7
Let a(q) = 12*q + 5. Let s(b) = -12 - 8 + b**2 + 1 + 10*b - 4. Calculate the remainder when a(6) is divided by s(3).
13
Suppose -7*q - 1 = -8. Let v be ((-183)/6)/(q/(-2)). Let w = 90 - v. What is the remainder when 143 is divided by w?
27
Suppose -143*f + 6496 = -129*f. Let s = 511 - f. What is the remainder when s is divided by 42?
5
Let w(y) = -3*y**3 + 7*y + 20. Let j(c) = 4*c**2 - 2*c - 4. Let q = 1 + -5. What is the remainder when j(q) is divided by w(0)?
8
Suppose -4*i = -12, -k - 40*i + 39904 = -38*i. Calculate the remainder when k is divided by 60.
58
Suppose -5*q = -3*q. Let v be (q - 2)*1 + 45. Let k = -34 + v. Calculate the remainder when 17 is divided by k.
8
Suppose v = -2*w + 24830 + 5564, 60802 = 4*w - 5*v. Calculate the remainder when w is divided by 25.
23
Suppose d = 0, -j - j + 5*d + 90 = 0. Suppose 4*n - j - 31 = -r, -64 = -3*n + r. Let o = 66 - 29. What is the remainder when o is divided by n?
17
Suppose -6*b - 5 = 25. Calculate the remainder when (106/b)/((-20)/150) is divided by 16.
15
Let v = 14 + -16. Let u be v + (44/20 - 1/5). Suppose 2*p = j - p - 61, u = -2*j + 3*p + 128. Calculate the remainder when j is divided by 14.
11
Let a(o) = 772*o + 4750. Calculate the remainder when a(12) is divided by 5.
4
Let f(m) = 2*m**2 - 34*m + 460. Calculate the remainder when f(31) is divided by 29.
23
Suppose 5*g - 3 = 2*s - 52, -5*s + 172 = 4*g. Suppose 2*j + 4*x - 46 = s, 5*j - 195 = -4*x. What is the remainder when 66 is divided by j?
27
Let x(t) = -2*t**3 - 7*t**2 - 4*t + 12. Let h be x(-8). Suppose h*n = 629*n - 324. What is the remainder when 970 is divided by n?
34
Let n(l) = -l**3 - 4*l**2 - 3*l - 12. Let t be n(-4). Suppose -2*b - 9 + 27 = t. Calculate the remainder when 29 is divided by b.
2
Let w = -12766 + 14522. What is the remainder when w is divided by 1750?
6
Let k = -5713 + 5746. Calculate the remainder when 685 is divided by k.
25
Suppose 19*b - 619 = 1281. What is the remainder when 458 is divided by b?
58
Suppose 30*a - 7298 - 802 = 0. What is the remainder when a is divided by 13?
10
Suppose -3*r + f = -249 + 4, 0 = -2*r - 3*f + 145. What is the remainder when -10 + 8/(24/381) is divided by ((-18)/(-8))/(6/r)?
27
Let d(r) = 14*r - 3. Let b = -323 + 325. Suppose -134 = 5*a - 364. Calculate the remainder when a is divided by d(b).
21
Let v(k) = -10*k + 8. Suppose 49*t - 893 + 61 = -48. Calculate the remainder when v(-7) is divided by t.
14
Suppose 4829 + 96787 = -49*f + 97*f. Calculate the remainder when 4249 is divided by f.
15
Suppose 1077 + 2381 = 69*k - 4408. What is the remainder when 394 is divided by k?
52
Let q(i) be the second derivative of -i**3/6 + 14*i**2 + i. Let x = -268 + 280. Calculate the remainder when 108 is divided by q(x).
12
Suppose 56*i = -117*i + 62*i + 1221. What is the remainder when 1516 is divided by i?
9
Let t(m) be the first derivative of -m**4/4 + 7*m**3/3 + 6*m - 2. Suppose -17*q + 581 = 207. Calculate the remainder when q is divided by t(7).
4
Let b(j) = 2232*j - 7635. What is the remainder when b(6) is divided by 128?
125
Let n be 330/(-9)*(1 + -4). Let y = n - 88. Calculate the remainder when 99 is divided by y.
11
Suppose -80*c - 80 = -43*c - 41*c. Calculate the remainder when 1657 is divided by c.
17
Suppose 3*u - o - 613 + 178 = 0, 0 = -u - 4*o + 145. Let y = 200 - u. What is the remainder when 271 is divided by y?
51
Suppose 5*x + 0*x - 366 = h, h = 4*x - 292. Suppose -4*u - 3*m = -873, 5*m - 13 - 201 = -u. Calculate the remainder when u is divided by x.
71
Suppose p - 322 = -4*o, 70*o + 4*p - 248 = 67*o. Calculate the remainder when o is divided by 69.
11
Suppose -5*w = 18 - 558. Let t(o) = o**3 + 23*o**2 - 56*o - 36. Let s be t(-25). Let v = s - w. Calculate the remainder when 17 is divided by v.
5
Suppose 8*g = 4*j + 7*g - 270, 2*j = -2*g + 120. Calculate the remainder when 384 is divided by j.
54
Let m = 1212 - 1183. Calculate the remainder when 254 is divided by m.
22
Let q(n) = n**2 - 2*n - 74. Let y be q(31). Suppose 5*v - y = d, 3*v - 617 = -2*d - 135. Calculate the remainder when v is divided by 14.
10
Suppose 0 = -h + 4*m + 47, m = -5*h + 212 - 19. Suppose 3*t - 3*p = -9, -t + 3*p - 4 = 9. Let g(x) = 7*x + 7. What is the remainder when h is divided by g(t)?
18
Suppose -2*d - 2 = 3*a, 3 = -3*a - 4*d - 1. Suppose a = -t + 4*s + 119, -t = t - 5*s - 253. Calculate the remainder when t is divided by 48.
43
Suppose 6 - 10 = 2*l. Let q be 6/36 + l + (-33)/(-18). Suppose 2*g = -6, 2*g - 67 = -q*r - r. Calculate the remainder when r is divided by 19.
16
Let c be (-3)/(-3)*(1 + (3 - 2)). Let k = 21 - 7. Calculate the remainder when (-1 - -7)/c + 96/2 is divided by k.
9
Let h(w) = 85*w**2 + 2192*w. What is the remainder when h(-26) is divided by 90?
18
Suppose 13*k - 10*k - 6 = 0. Suppose 0 = -k*b - b + 42. Let v(l) = l**2 - 9*l + 13. What is the remainder when v(10) is divided by b?
9
Suppose -o - 169 - 53 = 0. Let l = -135 - o. What is the remainder when l is divided by 7?
3
Suppose -41*s - 179 = -98*s + 334. What is the remainder when 1821 is divided by s?
3
Let f be 57/(-12) + (104/(-32) - -4). Let h(d) = 2*d**2 + d - 8. What is the remainder when h(f) is divided by 7?
6
Let s = 18 - 13. Let n(x) = x**2 + 24*x + 23. Let j be n(-23). Suppose 2*t + 5 - 39 = j. What is the remainder when t is divided by s?
2
Let c = -56 - -103. Let a = -36 + c. Suppose -2*w - 84 = -4*w. What is the remainder when w is divided by a?
9
Suppose a - 2*a + 4 = 0, 0 = -h + 2*a + 13. Calculate the remainder when ((-207)/(-15))/(258/1720) is divided by h.
8
What is the remainder when ((-11)/(-3) + (-11)/33)/((-22)/(-4191)) is divided by 4?
3
Let o = 1165 + -1118. Let x be (-44)/(-2)*(-1)/1. Let n = x + o. What is the remainder when n is divided by 9?
7
Let j be 11 - (4 - (-16)/(-4)). Suppose 12 = -15*r + j*r. Let u(g) = -6*g + 3. Calculate the remainder when u(r) is divided by 9.
3
Let x(l) = 2*l**2 + 9*l - 14. Let j be x(-6). Suppose 4*v + j*h + 0*h - 40 = 0, 0 = 2*v + 3*h - 20. What is the remainder when 19 is divided by v?
9
Let g(b) = -5*b**2 + 96. Calculate the remainder when 12095 is divided by g(0).
95
Suppose -368*x + 7938 = -5310. Let u(m) = -11*m - 13. Calculate the remainder when u(-10) is divided by x.
25
